{"id":183,"date":"2024-12-19T11:16:24","date_gmt":"2024-12-19T10:16:24","guid":{"rendered":"https:\/\/influx8.de\/?page_id=183"},"modified":"2025-02-25T11:51:54","modified_gmt":"2025-02-25T10:51:54","slug":"home-eng","status":"publish","type":"page","link":"https:\/\/influx8.de\/?page_id=183&lang=en","title":{"rendered":"Home Englisch"},"content":{"rendered":"\n<main class=\"wp-block-group alignwide is-layout-flow wp-container-core-group-is-layout-bb62f62d wp-block-group-is-layout-flow\" style=\"margin-top:0\">\n<div class=\"wp-block-group alignfull has-global-padding is-layout-constrained wp-container-core-group-is-layout-23b1a4dc wp-block-group-is-layout-constrained\" style=\"padding-top:var(--wp--preset--spacing--30);padding-right:var(--wp--preset--spacing--30);padding-bottom:var(--wp--preset--spacing--30);padding-left:var(--wp--preset--spacing--30)\">\n<div class=\"wp-block-group alignwide is-content-justification-space-between is-layout-flex wp-container-core-group-is-layout-b585a4aa wp-block-group-is-layout-flex\">\n<div class=\"wp-block-group is-layout-flex wp-container-core-group-is-layout-7a92790e wp-block-group-is-layout-flex\"><div class=\"is-default-size wp-block-site-logo\"><a href=\"https:\/\/influx8.de\/\" class=\"custom-logo-link\" rel=\"home\"><img loading=\"lazy\" decoding=\"async\" width=\"2008\" height=\"1264\" src=\"https:\/\/influx8.de\/wp-content\/uploads\/2024\/09\/Logo_24_8.png\" class=\"custom-logo\" alt=\"Influx\" srcset=\"https:\/\/influx8.de\/wp-content\/uploads\/2024\/09\/Logo_24_8.png 2008w, https:\/\/influx8.de\/wp-content\/uploads\/2024\/09\/Logo_24_8-300x189.png 300w, https:\/\/influx8.de\/wp-content\/uploads\/2024\/09\/Logo_24_8-1024x645.png 1024w, https:\/\/influx8.de\/wp-content\/uploads\/2024\/09\/Logo_24_8-768x483.png 768w, https:\/\/influx8.de\/wp-content\/uploads\/2024\/09\/Logo_24_8-1536x967.png 1536w\" sizes=\"auto, (max-width: 2008px) 100vw, 2008px\" \/><\/a><\/div>\n\n\n<figure class=\"wp-block-image size-large is-resized\"><img loading=\"lazy\" decoding=\"async\" width=\"1024\" height=\"614\" src=\"https:\/\/influx8.de\/wp-content\/uploads\/2024\/12\/Flag_of_Germany.svg_-1-1024x614.webp\" alt=\"\" class=\"wp-image-205\" style=\"width:45px;height:auto\" srcset=\"https:\/\/influx8.de\/wp-content\/uploads\/2024\/12\/Flag_of_Germany.svg_-1-1024x614.webp 1024w, https:\/\/influx8.de\/wp-content\/uploads\/2024\/12\/Flag_of_Germany.svg_-1-300x180.webp 300w, https:\/\/influx8.de\/wp-content\/uploads\/2024\/12\/Flag_of_Germany.svg_-1-768x461.webp 768w, https:\/\/influx8.de\/wp-content\/uploads\/2024\/12\/Flag_of_Germany.svg_-1.webp 1200w\" sizes=\"auto, (max-width: 1024px) 100vw, 1024px\" \/><\/figure>\n\n\n<h1 class=\"has-link-color wp-elements-d6202aa7d337f2ce08aedc8ed261a84e wp-block-site-title\"><a href=\"https:\/\/influx8.de\" target=\"_self\" rel=\"home\">Influx<\/a><\/h1><\/div>\n\n\n<nav class=\"is-responsive items-justified-right wp-block-navigation is-content-justification-right is-layout-flex wp-container-core-navigation-is-layout-f665d2b5 wp-block-navigation-is-layout-flex\" aria-label=\"Navigation\" \n\t\t data-wp-interactive=\"core\/navigation\" data-wp-context='{\"overlayOpenedBy\":{\"click\":false,\"hover\":false,\"focus\":false},\"type\":\"overlay\",\"roleAttribute\":\"\",\"ariaLabel\":\"Men\\u00fc\"}'><button aria-haspopup=\"dialog\" aria-label=\"Men\u00fc \u00f6ffnen\" class=\"wp-block-navigation__responsive-container-open\" \n\t\t\t\tdata-wp-on--click=\"actions.openMenuOnClick\"\n\t\t\t\tdata-wp-on--keydown=\"actions.handleMenuKeydown\"\n\t\t\t><svg width=\"24\" height=\"24\" xmlns=\"http:\/\/www.w3.org\/2000\/svg\" viewBox=\"0 0 24 24\" aria-hidden=\"true\" focusable=\"false\"><path d=\"M4 7.5h16v1.5H4z\"><\/path><path d=\"M4 15h16v1.5H4z\"><\/path><\/svg><\/button>\n\t\t\t\t<div class=\"wp-block-navigation__responsive-container\"  id=\"modal-1\" \n\t\t\t\tdata-wp-class--has-modal-open=\"state.isMenuOpen\"\n\t\t\t\tdata-wp-class--is-menu-open=\"state.isMenuOpen\"\n\t\t\t\tdata-wp-watch=\"callbacks.initMenu\"\n\t\t\t\tdata-wp-on--keydown=\"actions.handleMenuKeydown\"\n\t\t\t\tdata-wp-on--focusout=\"actions.handleMenuFocusout\"\n\t\t\t\ttabindex=\"-1\"\n\t\t\t>\n\t\t\t\t\t<div class=\"wp-block-navigation__responsive-close\" tabindex=\"-1\">\n\t\t\t\t\t\t<div class=\"wp-block-navigation__responsive-dialog\" \n\t\t\t\tdata-wp-bind--aria-modal=\"state.ariaModal\"\n\t\t\t\tdata-wp-bind--aria-label=\"state.ariaLabel\"\n\t\t\t\tdata-wp-bind--role=\"state.roleAttribute\"\n\t\t\t>\n\t\t\t\t\t\t\t<button aria-label=\"Men\u00fc schlie\u00dfen\" class=\"wp-block-navigation__responsive-container-close\" \n\t\t\t\tdata-wp-on--click=\"actions.closeMenuOnClick\"\n\t\t\t><svg xmlns=\"http:\/\/www.w3.org\/2000\/svg\" viewBox=\"0 0 24 24\" width=\"24\" height=\"24\" aria-hidden=\"true\" focusable=\"false\"><path d=\"m13.06 12 6.47-6.47-1.06-1.06L12 10.94 5.53 4.47 4.47 5.53 10.94 12l-6.47 6.47 1.06 1.06L12 13.06l6.47 6.47 1.06-1.06L13.06 12Z\"><\/path><\/svg><\/button>\n\t\t\t\t\t\t\t<div class=\"wp-block-navigation__responsive-container-content\" \n\t\t\t\tdata-wp-watch=\"callbacks.focusFirstElement\"\n\t\t\t id=\"modal-1-content\">\n\t\t\t\t\t\t\t\t<ul class=\"wp-block-navigation__container is-responsive items-justified-right wp-block-navigation\"><li class=\" wp-block-navigation-item wp-block-navigation-link\"><a class=\"wp-block-navigation-item__content\"  href=\"https:\/\/influx8.de\/?page_id=177&#038;lang=en\"><span class=\"wp-block-navigation-item__label\">About Us<\/span><\/a><\/li><li class=\" wp-block-navigation-item wp-block-navigation-link\"><a class=\"wp-block-navigation-item__content\"  href=\"https:\/\/influx8.de\/?page_id=174&#038;lang=en\"><span class=\"wp-block-navigation-item__label\">Technical Solutions<\/span><\/a><\/li><li class=\" wp-block-navigation-item wp-block-navigation-link\"><a class=\"wp-block-navigation-item__content\"  href=\"https:\/\/influx8.de\/?page_id=171&#038;lang=en\"><span class=\"wp-block-navigation-item__label\">Privacy Policy         <\/span><\/a><\/li><\/ul>\n\t\t\t\t\t\t\t<\/div>\n\t\t\t\t\t\t<\/div>\n\t\t\t\t\t<\/div>\n\t\t\t\t<\/div><\/nav><\/div>\n<\/div>\n\n\n\n<div class=\"wp-block-columns is-layout-flex wp-container-core-columns-is-layout-28f84493 wp-block-columns-is-layout-flex\">\n<div class=\"wp-block-column is-layout-flow wp-block-column-is-layout-flow\" style=\"flex-basis:100%\">\n<div class=\"wp-block-group alignfull has-global-padding is-layout-constrained wp-container-core-group-is-layout-490fa1db wp-block-group-is-layout-constrained\" style=\"padding-top:var(--wp--preset--spacing--50);padding-right:var(--wp--preset--spacing--50);padding-bottom:var(--wp--preset--spacing--50);padding-left:var(--wp--preset--spacing--50)\">\n<div class=\"wp-block-group has-global-padding is-layout-constrained wp-container-core-group-is-layout-650790e1 wp-block-group-is-layout-constrained\">\n<h1 class=\"wp-block-heading has-text-align-center has-x-large-font-size\">Influx &#8211; Innovation through progress<\/h1>\n\n\n\n<div style=\"height:1.25rem\" aria-hidden=\"true\" class=\"wp-block-spacer\"><\/div>\n\n\n\n<p class=\"has-text-align-center\">The Influx-VA is designed as an advanced vertical-axis wind power system, characterized by motorized adjustable wings and processor-controlled mechanics<\/p>\n\n\n\n<p class=\"has-text-align-center\"><\/p>\n\n\n\n<div style=\"height:1.25rem\" aria-hidden=\"true\" class=\"wp-block-spacer\"><\/div>\n\n\n\n<div class=\"wp-block-buttons is-content-justification-center is-layout-flex wp-container-core-buttons-is-layout-a89b3969 wp-block-buttons-is-layout-flex\">\n<div class=\"wp-block-button\"><a class=\"wp-block-button__link wp-element-button\" href=\"https:\/\/bahne-823.de\/s\/mXjJcpn7HE9dQ6H\">Download Doku englisch<\/a><\/div>\n<\/div>\n<\/div>\n\n\n\n<figure class=\"wp-block-video\"><video height=\"1204\" style=\"aspect-ratio: 1874 \/ 1204;\" width=\"1874\" autoplay loop muted src=\"https:\/\/influx8.de\/wp-content\/uploads\/2024\/09\/Screenshot_Film.mp4\"><\/video><\/figure>\n\n\n\n<p class=\"has-small-font-size\">Mit der rechten Maustaste erhalten Sie ein Men\u00fc zur Einstellung der Darstellung.<\/p>\n\n\n\n<p class=\"has-small-font-size\">Die vertikale Influx-VA Rotationsachse ist hier senkrecht zur Bildebene dargestellt.<\/p>\n\n\n\n<p class=\"has-small-font-size\">Die beiden Pfeile im Bild zeigen die Windrichtung. Der Wind kommt vom oberen Bildrand.<\/p>\n\n\n\n<div style=\"height:var(--wp--preset--spacing--30)\" aria-hidden=\"true\" class=\"wp-block-spacer\"><\/div>\n\n\n\n<figure class=\"wp-block-gallery alignwide has-nested-images columns-default is-cropped wp-block-gallery-2 is-layout-flex wp-block-gallery-is-layout-flex\">\n<figure class=\"wp-block-image size-full\"><img loading=\"lazy\" decoding=\"async\" width=\"2560\" height=\"2560\" data-id=\"93\" src=\"https:\/\/influx8.de\/wp-content\/uploads\/2024\/09\/Rotor_10_A_Film_006-scaled.jpg\" alt=\"\" class=\"wp-image-93\" srcset=\"https:\/\/influx8.de\/wp-content\/uploads\/2024\/09\/Rotor_10_A_Film_006-scaled.jpg 2560w, https:\/\/influx8.de\/wp-content\/uploads\/2024\/09\/Rotor_10_A_Film_006-300x300.jpg 300w, https:\/\/influx8.de\/wp-content\/uploads\/2024\/09\/Rotor_10_A_Film_006-1024x1024.jpg 1024w, https:\/\/influx8.de\/wp-content\/uploads\/2024\/09\/Rotor_10_A_Film_006-150x150.jpg 150w, https:\/\/influx8.de\/wp-content\/uploads\/2024\/09\/Rotor_10_A_Film_006-768x768.jpg 768w, https:\/\/influx8.de\/wp-content\/uploads\/2024\/09\/Rotor_10_A_Film_006-1536x1536.jpg 1536w, https:\/\/influx8.de\/wp-content\/uploads\/2024\/09\/Rotor_10_A_Film_006-2048x2048.jpg 2048w\" sizes=\"auto, (max-width: 2560px) 100vw, 2560px\" \/><\/figure>\n\n\n\n<figure class=\"wp-block-image size-full\"><img loading=\"lazy\" decoding=\"async\" width=\"2560\" height=\"2560\" data-id=\"97\" src=\"https:\/\/influx8.de\/wp-content\/uploads\/2024\/09\/Rotor_10_A_Film_054-scaled.jpg\" alt=\"\" class=\"wp-image-97\" srcset=\"https:\/\/influx8.de\/wp-content\/uploads\/2024\/09\/Rotor_10_A_Film_054-scaled.jpg 2560w, https:\/\/influx8.de\/wp-content\/uploads\/2024\/09\/Rotor_10_A_Film_054-300x300.jpg 300w, https:\/\/influx8.de\/wp-content\/uploads\/2024\/09\/Rotor_10_A_Film_054-1024x1024.jpg 1024w, https:\/\/influx8.de\/wp-content\/uploads\/2024\/09\/Rotor_10_A_Film_054-150x150.jpg 150w, https:\/\/influx8.de\/wp-content\/uploads\/2024\/09\/Rotor_10_A_Film_054-768x768.jpg 768w, https:\/\/influx8.de\/wp-content\/uploads\/2024\/09\/Rotor_10_A_Film_054-1536x1536.jpg 1536w, https:\/\/influx8.de\/wp-content\/uploads\/2024\/09\/Rotor_10_A_Film_054-2048x2048.jpg 2048w\" sizes=\"auto, (max-width: 2560px) 100vw, 2560px\" \/><\/figure>\n\n\n\n<figure class=\"wp-block-image size-full\"><img loading=\"lazy\" decoding=\"async\" width=\"2560\" height=\"2560\" data-id=\"92\" src=\"https:\/\/influx8.de\/wp-content\/uploads\/2024\/09\/Rotor_10_A_Film_096-scaled.jpg\" alt=\"\" class=\"wp-image-92\" srcset=\"https:\/\/influx8.de\/wp-content\/uploads\/2024\/09\/Rotor_10_A_Film_096-scaled.jpg 2560w, https:\/\/influx8.de\/wp-content\/uploads\/2024\/09\/Rotor_10_A_Film_096-300x300.jpg 300w, https:\/\/influx8.de\/wp-content\/uploads\/2024\/09\/Rotor_10_A_Film_096-1024x1024.jpg 1024w, https:\/\/influx8.de\/wp-content\/uploads\/2024\/09\/Rotor_10_A_Film_096-150x150.jpg 150w, https:\/\/influx8.de\/wp-content\/uploads\/2024\/09\/Rotor_10_A_Film_096-768x768.jpg 768w, https:\/\/influx8.de\/wp-content\/uploads\/2024\/09\/Rotor_10_A_Film_096-1536x1536.jpg 1536w, https:\/\/influx8.de\/wp-content\/uploads\/2024\/09\/Rotor_10_A_Film_096-2048x2048.jpg 2048w\" sizes=\"auto, (max-width: 2560px) 100vw, 2560px\" \/><\/figure>\n<\/figure>\n\n\n\n<p>The system is intended to overcome the weaknesses of conventional vertical wind turbines, such as inefficiency and resonance issues, while achieving increased energy output through additional energy effects. The Influx-VA combines high operational safety with cost-effectiveness.<\/p>\n\n\n\n<div class=\"wp-block-group has-global-padding is-layout-constrained wp-block-group-is-layout-constrained\">\n<div class=\"wp-block-columns is-layout-flex wp-container-core-columns-is-layout-28f84493 wp-block-columns-is-layout-flex\">\n<div class=\"wp-block-column is-layout-flow wp-block-column-is-layout-flow\" style=\"flex-basis:100%\"><\/div>\n<\/div>\n<\/div>\n<\/div>\n<\/div>\n<\/div>\n\n\n\n<figure class=\"wp-block-image aligncenter size-full is-resized\"><img loading=\"lazy\" decoding=\"async\" width=\"551\" height=\"308\" src=\"https:\/\/influx8.de\/wp-content\/uploads\/2024\/09\/influx2.png\" alt=\"\" class=\"wp-image-128\" style=\"width:1025px;height:auto\" srcset=\"https:\/\/influx8.de\/wp-content\/uploads\/2024\/09\/influx2.png 551w, https:\/\/influx8.de\/wp-content\/uploads\/2024\/09\/influx2-300x168.png 300w\" sizes=\"auto, (max-width: 551px) 100vw, 551px\" \/><\/figure>\n\n\n\n<div class=\"wp-block-group alignfull has-global-padding is-layout-constrained wp-container-core-group-is-layout-d89aad35 wp-block-group-is-layout-constrained\" style=\"margin-top:0;margin-bottom:0;padding-top:var(--wp--preset--spacing--50);padding-right:var(--wp--preset--spacing--50);padding-bottom:var(--wp--preset--spacing--50);padding-left:var(--wp--preset--spacing--50)\">\n<div class=\"wp-block-media-text alignwide is-stacked-on-mobile\" style=\"grid-template-columns:40% auto\"><figure class=\"wp-block-media-text__media\"><img loading=\"lazy\" decoding=\"async\" width=\"481\" height=\"343\" src=\"https:\/\/influx8.de\/wp-content\/uploads\/2024\/09\/influx-3.png\" alt=\"\" class=\"wp-image-125 size-full\" srcset=\"https:\/\/influx8.de\/wp-content\/uploads\/2024\/09\/influx-3.png 481w, https:\/\/influx8.de\/wp-content\/uploads\/2024\/09\/influx-3-300x214.png 300w\" sizes=\"auto, (max-width: 481px) 100vw, 481px\" \/><\/figure><div class=\"wp-block-media-text__content\">\n<p>The conceptual development of the Influx-VA has progressed to the point where we are preparing the technical advancement to a measurable prototype and its practical testing as part of a grant-funded project currently under application. Planned measurements at the Fraunhofer IWES aim to demonstrate how the technology can be further optimized and economically utilized. The Influx-VA stands out with its adjustable wings and innovative mechanics, making it more efficient and adaptable than conventional wind turbines.<\/p>\n\n\n\n<p>Patents have been filed in Germany, Europe, and the USA. The development focus is on optimizing models and planning prototypes. The next steps include mechanical and electrical component development, software programming, manufacturing and construction, as well as experimental verification of a prototype. This will address questions such as the achievable efficiency under real-world conditions, functional reliability, mechanical stability under dynamic load conditions, production costs, and the optimal system size.<\/p>\n<\/div><\/div>\n<\/div>\n\n\n\n<div class=\"wp-block-group alignfull has-global-padding is-layout-constrained wp-container-core-group-is-layout-d89aad35 wp-block-group-is-layout-constrained\" style=\"margin-top:0;margin-bottom:0;padding-top:var(--wp--preset--spacing--50);padding-right:var(--wp--preset--spacing--50);padding-bottom:var(--wp--preset--spacing--50);padding-left:var(--wp--preset--spacing--50)\">\n<div class=\"wp-block-group alignwide has-global-padding is-layout-constrained wp-container-core-group-is-layout-19e250f3 wp-block-group-is-layout-constrained\">\n<div class=\"wp-block-group is-vertical is-content-justification-center is-layout-flex wp-container-core-group-is-layout-6329a8f3 wp-block-group-is-layout-flex\">\n<h2 class=\"wp-block-heading has-text-align-center is-style-asterisk\">Technical Solutions<\/h2>\n<\/div>\n\n\n\n<div style=\"height:var(--wp--preset--spacing--40)\" aria-hidden=\"true\" class=\"wp-block-spacer\"><\/div>\n\n\n\n<div class=\"wp-block-cover alignwide\"><span aria-hidden=\"true\" class=\"wp-block-cover__background has-background-dim\"><\/span><div class=\"wp-block-cover__inner-container is-layout-flow wp-block-cover-is-layout-flow\">\n<div class=\"wp-block-group alignwide has-global-padding is-layout-constrained wp-block-group-is-layout-constrained\">\n<div class=\"wp-block-columns alignwide is-layout-flex wp-container-core-columns-is-layout-d1c656ed wp-block-columns-is-layout-flex\">\n<div class=\"wp-block-column is-vertically-aligned-center is-layout-flow wp-block-column-is-layout-flow\" style=\"flex-basis:40%\">\n<h3 class=\"wp-block-heading is-style-asterisk\">Carstens BGA Connector<\/h3>\n\n\n\n<p>This connector combines the advantages of a shared and separate circuit board, enabling mechanical connection and efficient data exchange with a data rate of up to 20 GHz.<\/p>\n<\/div>\n\n\n\n<div class=\"wp-block-column is-layout-flow wp-block-column-is-layout-flow\" style=\"flex-basis:50%\">\n<figure class=\"wp-block-image aligncenter size-full is-resized is-style-rounded is-style-rounded--3\"><img loading=\"lazy\" decoding=\"async\" width=\"302\" height=\"336\" src=\"https:\/\/influx8.de\/wp-content\/uploads\/2024\/09\/Bild1.jpg\" alt=\"\" class=\"wp-image-134\" style=\"width:398px;height:auto\" srcset=\"https:\/\/influx8.de\/wp-content\/uploads\/2024\/09\/Bild1.jpg 302w, https:\/\/influx8.de\/wp-content\/uploads\/2024\/09\/Bild1-270x300.jpg 270w\" sizes=\"auto, (max-width: 302px) 100vw, 302px\" \/><\/figure>\n<\/div>\n<\/div>\n<\/div>\n<\/div><\/div>\n<\/div>\n<\/div>\n<\/main>\n\n\n<footer class=\"wp-block-template-part\">\n<div class=\"wp-block-group has-global-padding is-layout-constrained wp-block-group-is-layout-constrained\" style=\"padding-top:var(--wp--preset--spacing--50);padding-bottom:var(--wp--preset--spacing--50)\">\n<div class=\"wp-block-columns alignwide is-layout-flex wp-container-core-columns-is-layout-28f84493 wp-block-columns-is-layout-flex\">\n<div class=\"wp-block-column is-layout-flow wp-block-column-is-layout-flow\" style=\"flex-basis:30%\">\n<div class=\"wp-block-group is-vertical is-layout-flex wp-container-core-group-is-layout-fe9cc265 wp-block-group-is-layout-flex\"><div class=\"wp-block-site-logo\"><a href=\"https:\/\/influx8.de\/\" class=\"custom-logo-link\" rel=\"home\"><img loading=\"lazy\" decoding=\"async\" width=\"20\" height=\"12\" src=\"https:\/\/influx8.de\/wp-content\/uploads\/2024\/09\/Logo_24_8.png\" class=\"custom-logo\" alt=\"Influx\" srcset=\"https:\/\/influx8.de\/wp-content\/uploads\/2024\/09\/Logo_24_8.png 2008w, https:\/\/influx8.de\/wp-content\/uploads\/2024\/09\/Logo_24_8-300x189.png 300w, https:\/\/influx8.de\/wp-content\/uploads\/2024\/09\/Logo_24_8-1024x645.png 1024w, https:\/\/influx8.de\/wp-content\/uploads\/2024\/09\/Logo_24_8-768x483.png 768w, https:\/\/influx8.de\/wp-content\/uploads\/2024\/09\/Logo_24_8-1536x967.png 1536w\" sizes=\"auto, (max-width: 20px) 100vw, 20px\" \/><\/a><\/div>\n\n<p class=\"wp-block-site-title has-medium-font-size\"><a href=\"https:\/\/influx8.de\" target=\"_self\" rel=\"home\">Influx<\/a><\/p>\n\n<h1 class=\"wp-block-site-tagline\">Impressum<\/h1>\n\n\n<p><strong>Dipl.-Ing. Bahne Carstens<br><\/strong>Gesch\u00e4ftsf\u00fchrer f\u00fcr den technischen Bereich<\/p>\n\n\n\n<p><strong>Cedric Bastian Schettler<br><\/strong>Gesch\u00e4ftsf\u00fchrer f\u00fcr den betriebswirtschaftlichen Bereich<\/p>\n\n\n\n<p><\/p>\n<\/div>\n\n\n\n<p>Kontakt:<\/p>\n\n\n\n<p>Influx8 GmbH<\/p>\n\n\n\n<p>Nelkenweg 8<\/p>\n\n\n\n<p>37120 Bovenden<\/p>\n\n\n\n<p>Tel.: +49 151 64814831<\/p>\n<\/div>\n\n\n\n<div class=\"wp-block-column is-layout-flow wp-block-column-is-layout-flow\" style=\"flex-basis:20%\"><\/div>\n<\/div>\n\n\n\n<div class=\"wp-block-group alignwide is-layout-flow wp-block-group-is-layout-flow\" style=\"padding-top:var(--wp--preset--spacing--50);padding-bottom:0\">\n<p class=\"has-contrast-2-color has-text-color has-link-color has-small-font-size wp-elements-cfecb6e247114c4704c87123475f45e4\"><a href=\"https:\/\/influx8.de\/?page_id=110\" data-type=\"link\" data-id=\"https:\/\/influx8.de\/?page_id=110\" rel=\"nofollow\">Datenschutzerkl\u00e4rung<\/a><\/p>\n\n\n\n<p class=\"has-contrast-2-color has-text-color has-link-color has-small-font-size wp-elements-fb1dc8a358d6c5ee50b4614eb09d35bb\">\n\t\tDesigned with <a href=\"https:\/\/wordpress.org\" rel=\"nofollow\">WordPress<\/a>\t\t<\/p>\n<\/div>\n<\/div>\n<\/footer>","protected":false},"excerpt":{"rendered":"<p>Influx &#8211; Innovation through progress The Influx-VA is designed as an advanced vertical-axis wind power system, characterized by motorized adjustable wings and processor-controlled mechanics Mit der rechten Maustaste erhalten Sie ein Men\u00fc zur Einstellung der Darstellung. Die vertikale Influx-VA Rotationsachse ist hier senkrecht zur Bildebene dargestellt. Die beiden Pfeile im Bild zeigen die Windrichtung. Der [&hellip;]<\/p>\n","protected":false},"author":1,"featured_media":0,"parent":0,"menu_order":0,"comment_status":"closed","ping_status":"closed","template":"","meta":{"footnotes":""},"class_list":["post-183","page","type-page","status-publish","hentry"],"_links":{"self":[{"href":"https:\/\/influx8.de\/index.php?rest_route=\/wp\/v2\/pages\/183","targetHints":{"allow":["GET"]}}],"collection":[{"href":"https:\/\/influx8.de\/index.php?rest_route=\/wp\/v2\/pages"}],"about":[{"href":"https:\/\/influx8.de\/index.php?rest_route=\/wp\/v2\/types\/page"}],"author":[{"embeddable":true,"href":"https:\/\/influx8.de\/index.php?rest_route=\/wp\/v2\/users\/1"}],"replies":[{"embeddable":true,"href":"https:\/\/influx8.de\/index.php?rest_route=%2Fwp%2Fv2%2Fcomments&post=183"}],"version-history":[{"count":10,"href":"https:\/\/influx8.de\/index.php?rest_route=\/wp\/v2\/pages\/183\/revisions"}],"predecessor-version":[{"id":262,"href":"https:\/\/influx8.de\/index.php?rest_route=\/wp\/v2\/pages\/183\/revisions\/262"}],"wp:attachment":[{"href":"https:\/\/influx8.de\/index.php?rest_route=%2Fwp%2Fv2%2Fmedia&parent=183"}],"curies":[{"name":"wp","href":"https:\/\/api.w.org\/{rel}","templated":true}]}}